)?
3
Let h(w) = w**3. Let l(k) = -2*k**3 - 6*k**2 + 2*k - 7. Let b(o) = 3*h(o) + l(o). Calculate b(6).
5
Let r(c) = 11*c - 1. Suppose 5*q + 3*g - 11 = q, 4*q = -5*g + 5. Suppose 5*o - 2*t - 5 = 10, -2*o = -q*t - 27. Calculate r(o).
10
Let y(o) = -29*o + 7. Let t(d) = -44*d + 11. Let k(v) = -5*t(v) + 8*y(v). Suppose -3*i - 2*a - 6 = -3*a, 0 = -2*i - 5*a + 13. Determine k(i).
13
Let x(j) = 1 - 7*j + 66*j**2 + 0 - 65*j**2. Suppose -7*k + 20 = 3*h - 2*k, -k = h - 6. What is x(h)?
-9
Let j(r) = -r**2 - r - 4. Suppose 12 = 4*y + 5*m, -m - 6 = -3*y + 3. What is j(y)?
-16
Let p(a) be the second derivative of -a + 0*a**2 + 2/3*a**3 + 0. Determine p(-1).
-4
Let j(w) be the second derivative of -w**5/20 - 3*w**4/4 - 3*w**3/2 + 4*w. Give j(-8).
8
Let t(f) = 10*f**2 - 19*f + 4. Let y(w) = -7*w**2 + 13*w - 3. Let o(m) = 5*t(m) + 7*y(m). What is o(3)?
-4
Let q(j) = j**3 + 4*j**2 - 7*j - 7. Let h be q(-5). Let o(v) = -6*v**2 + 3*v**3 + v**2 - 4*v**h + 3 - 3*v. What is o(-3)?
-6
Let r = -8 + 10. Suppose -5*w + 4*o - 21 = r, -5*w = 3*o + 9. Let n(s) = -5 - s**2 + 3 + s - 4*s. Determine n(w).
-2
Let u(n) = n - 1. Suppose -2*x = -2*f - 4, -2*x - x + 20 = 4*f. Give u(f).
1
Let o(b) be the second derivative of b**4/12 + 7*b**3/6 - 4*b**2 - 11*b. Calculate o(-8).
0
Let q = 2 - -3. Suppose 6*d = d + 15. Let w(p) = p + 4*p**2 + d*p - 7 + p - p**3. Determine w(q).
-7
Let z = 13 + -6. Let v(q) = -4*q + z*q + q - 5*q - 2 + q**2. Suppose 0 = -3*d + d. What is v(d)?
-2
Suppose 5*j - 5*l = -22 + 2, -2*j - 20 = -5*l. Let g(u) = 3*u**2 + 3*u + 17. Let a(k) = k**2 + k + 6. Let q(v) = -7*a(v) + 2*g(v). Give q(j).
-8
Let q(l) be the second derivative of l**3/6 + 25*l. What is q(-2)?
-2
Let q(d) = 7*d + 5*d**2 - 7 + 9 - 4 - 4*d**2. Give q(-5).
-12
Let n(y) = -y + 3. Let d be 2/(4/(-2))*-4. Let z(r) = r - 4. Let b(x) = d*n(x) + 3*z(x). Suppose 0 = -3*g + 1 + 5. Determine b(g).
-2
Let f = -8 + 13. Let s = -8 + f. Let x(v) be the second derivative of v**5/20 + 5*v**4/12 + v**3/2 - v**2/2 - 75*v. Determine x(s).
8
Let o(i) = -4*i**2 - i + 4*i + 8*i**2 - 3*i**2. Give o(-4).
4
Suppose 4*u - 8 + 0 = 0. Let i = -5 + u. Let l(m) = -m**3 - 3*m**2 + 2*m + 4. Give l(i).
-2
Let f(c) = -2*c - 14. Let n(s) = s + 9. Let u(v) = 5*f(v) + 8*n(v). Determine u(-2).
6
Suppose -22 = g - 5*c, 6 = -3*g - c + 20. Let a(b) be the first derivative of 2*b + 1/2*b**2 + 1 + 1/2*b**4 + b**g. Determine a(-2).
-4
Let i(y) = -y**3 - 4*y**2 - 2*y. Let d(l) = -2*l - 10. Let h be d(-8). Suppose 0 = h*o - o + 20. Give i(o).
8
Let k(n) = 0 + 0 + 6*n + 1 + 2. Let t(w) = -24*w - 13. Let l(j) = -9*k(j) - 2*t(j). Determine l(-1).
5
Suppose -2*o + 3 = -o, 3*n = -3*o + 15. Let d(s) = -3 - n*s**2 - 3*s**2 - s**3 + 0 - 4*s. Suppose 0 = 5*r - w + 16, 0*r - 8 = -r + 3*w. Give d(r).
-3
Let x be -2 + 3 + -3 + -1. Let k be 8/6*x/(-2). Let v(w) = 2*w - 2. Calculate v(k).
2
Let u(r) = -r**2 - 3*r - 5. Let l be 504/(-105) - (2 - 9/5). Give u(l).
-15
Let q(y) = -2*y**2 - 9*y. Let u = 75 - 81. Calculate q(u).
-18
Let u(z) = -z**2 + z. Let i = 9 + -3. Let x = -3 + i. Calculate u(x).
-6
Suppose -6*u = -2*u - y - 22, -u = 5*y - 16. Let a(s) = -s**3 + 5*s**2 + 7*s + 2. What is a(u)?
8
Let z(f) be the first derivative of 3*f**2/2 - 6*f - 2. Suppose -7*b = -3*b - 20. Suppose -b*j + 15 = 5*o, 2*j = -5*o - j + 17. Determine z(o).
6
Suppose 3*h = 3*l, 2*l - 7*l = 4*h - 9. Let c(m) = -9*m - 3 + 3. What is c(l)?
-9
Let y(l) = 3*l**2 - 12*l + 4. Let i(g) = 4*g**2 - 13*g + 5. Let b(a) = -4*i(a) + 5*y(a). Calculate b(-6).
12
Suppose 2*m + 2*m = 24. Let g = 12 - m. Suppose 4*n - g = n. Let d(p) = 3*p - 3. Calculate d(n).
3
Let u(x) be the third derivative of x**6/360 + x**5/120 - x**4/24 - 2*x**2. Let i(q) be the second derivative of u(q). Let c be 7*(4 - 3) - 5. Calculate i(c).
5
Suppose u = 3*u - 6. Let h(f) = -f + 1 + u*f + f**2 - 5*f. Suppose 0 = -6*v + 3*v + 3*b, -4*v = -5*b + 3. Give h(v).
1
Let p = 0 - 4. Let x(c) be the second derivative of c**5/20 + c**4/3 - c**3/3 + 3*c**2/2 - c. What is x(p)?
11
Let u(v) be the first derivative of 7*v**2/2 - v - 48. Let b(g) = -g**3 + 2*g**2 + 3*g + 1. Let t be b(3). Give u(t).
6
Let n = -22 + 37. Let o = n - 14. Let z(c) = -7*c. Give z(o).
-7
Let r(q) = q + 4. Let n be 3/(-6) - (-2)/(-4). Let m be 4*((-5)/(-2) + -2). Let o be n + 1 + (m - -1). Calculate r(o).
7
Let z(r) be the first derivative of -4/3*r**3 + 1/4*r**4 + 1/2*r**2 + r + 5. What is z(4)?
5
Let c(b) be the second derivative of b**3/6 - 5*b**2/2 + 8*b. What is c(4)?
-1
Let v(d) be the third derivative of d**5/60 - 5*d**4/24 + d**3/6 + 2*d**2. Let y be v(4). Let o(q) = 4*q + 5 - 19*q**2 - q**3 + 18*q**2 - 2. Calculate o(y).
9
Let i(n) be the first derivative of -4 - 2*n + 2/3*n**3 + 1/2*n**2. Calculate i(2).
8
Let p(n) = 4*n - 7. Let i(z) = -20*z + 36. Let v(t) = -2*i(t) - 11*p(t). What is v(-4)?
21
Let i(s) = s**2 + 8*s + 3. Let x = -8 - -1. Calculate i(x).
-4
Let n(s) = s**2 - s. Let r be 5/1*(-4)/(-10). Suppose 1 = c - r. Let q = 4 - c. What is n(q)?
0
Let v(o) = -357*o**2 + 352*o**2 + 0 - 6*o - 1 + o**3. Calculate v(6).
-1
Let g = -50 + 83. Let c(s) = -s + g + 4*s**3 - 33. Determine c(1).
3
Let w(j) = j**2 - 6*j - 2. Suppose 5*v = -f + 29, -5*f - 3 = -3*v - 2*f. Give w(v).
-7
Let d(a) = a**2 + 1. Let m be 3*(22/26 - 8/(-52)). Determine d(m).
10
Let t be 30/(-4)*6/(-9). Let d(g) = 3*g - 11. Let j be d(t). Let l(a) = -a - 2. Give l(j).
-6
Suppose 5*n - 5*z + 10 = 0, n - 3*n = 3*z - 6. Let s be (n - -2)/((-2)/(-13)). Let l = s + -8. Let c(u) = u**3 - 5*u**2 + u - 5. Give c(l).
0
Let m be 2/(-16) - 25/(-8). Let w(s) be the second derivative of s**3/6 - 3*s**2/2 - s. Determine w(m).
0
Let j be (-8)/(-6) - (-2)/(-6). Let x(y) = -3*y - 4*y + 0*y - y - j. Determine x(-1).
7
Let j(l) = l**3 + 7*l**2 + 5*l - 7. Suppose -3*z + 5*k = 23, 2*z + 0*z + 5*k + 7 = 0. What is j(z)?
-1
Suppose 5*o + 0*o + 10 = -2*t, 0 = 4*o. Let j(p) = -2*p - 5. Determine j(t).
5
Suppose -3*r + 12 = 3. Suppose 0*l = r*l + 3. Let d(i) = 4*i**3 + i**2 + i. Determine d(l).
-4
Let d = -14 - -16. Let n(s) = -s**2 - 5*s - 2 + 2*s**d + 6. Determine n(3).
-2
Suppose -2*m + 18 = 4*m. Let d(h) be the third derivative of 0*h**m - 1/40*h**6 + 0*h + 4*h**2 + 0*h**4 - 1/60*h**5 + 0. Give d(1).
-4
Let f(k) be the third derivative of -k**5/30 + 5*k**4/24 + 2*k**3/3 + 3*k**2 + 4*k. Calculate f(4).
-8
Let i(s) be the second derivative of 11*s**6/720 + s**5/120 - s**4/6 + 4*s. Let k(b) be the third derivative of i(b). Calculate k(1).
12
Let x(g) = -16 + 13*g - 4*g + 3*g + 15. What is x(-1)?
-13
Let g(m) be the second derivative of 0 - 4/3*m**3 - 1/2*m**2 + 3*m. Calculate g(-1).
7
Let f(k) = -k - 10. Let i be f(-5). Let g(z) = 4*z + 2. What is g(i)?
-18
Let v(u) = u**2 - 5*u + 3. Suppose -7*p = -4*p - 84. Let k be (-37)/7 - (-8)/p. Let c(s) = s**2 - 5*s + 3. Let l(x) = k*v(x) + 4*c(x). Give l(4).
1
Let o = 8 - 2. Let i(h) = -5*h**2 - h**3 + 2*h**3 - 5*h + h**2 + o. Give i(5).
6
Let a(x) = x**2 + 4*x - 3. Let p(w) be the third derivative of 5*w**4/24 - w**3/6 + w**2. Let g be p(1). Suppose -10 = g*h + 6. What is a(h)?
-3
Let g(h) = h**2 - 11*h + 18. Let c be g(9). Let f(l) = -l**2 + 1 + l - 3 - 1. Determine f(c).
-3
Let p(s) = 2*s + 2 - 3*s + 0. Let m be (-2)/3 - (-56)/(-24). Calculate p(m).
5
Let v be 2/((-20)/66) - (-2)/(-5). Let t(f) = f**2 + 8*f + 9. What is t(v)?
2
Let n(z) = -z**3 - 4*z**2 - z - 4. Suppose 12 - 32 = 4*i. Let y be i/((-5)/(-3)) + -1. Determine n(y).
0
Let q(u) = -u - 1. Let p(h) = -h**2 - 9*h + 1. Let g(d) = -p(d) + 4*q(d). Calculate g(-6).
1
Let g(f) = f**3 - 4*f**2 + 2*f + 2. Suppose 0 = 5*t - 0*t + 5. Let p = 1 - t. Let b be 16/4*p/4. Calculate g(b).
-2
Let f(v) = -3*v**2 - 7*v - 2. Suppose 0 = 5*r + 3*o - 11, -5*r - 3*o + 3 = -4*o. Let c(l) = -l**2 - l + 1. Let k(g) = r*f(g) - 4*c(g). Determine k(5).
4
Let j(i) be the second derivative of i**3/6 + 6*i**2 + 4*i. Determine j(-10).
2
Let o be (-2 - 2)*2/(-2). Suppose 0 = -o*c - 4. Let i = c - -4. Let v(w) = w**2. What is v(i)?
9
Let h(i) = 9*i**3 + 2*i**2 - 1. Suppose -5*k - 5*f = 5, -3*f - 7 = k - 0. Suppose -k*s + t = -5*s - 5, -12 = 2*s + 5*t. Calculate h(s).
-8
Let l(f) = f**3 + 6*f**2 + 3*f - 3. Let k be 9*(1 - 2) + (0 - -4). Give l(k).
7
Let c(h) = -h**3 - 11*h**2 - 11*h - 9. Suppose -3*l + 2*q - 52 = -16, q = 3. W